et r be (380/50 - 4/(-10))/2. Suppose 3*w + 137 + 26 = r*n, 164 = 4*n - 4*w. Suppose 0 = -g + n. What is the units digit of g?
0
Let d = 13955 - 5771. What is the thousands digit of d?
8
Let x(y) = -y**3 + 5*y**2 + 8*y - 9. Let q be x(6). Let w(r) = -6*r + 2. Let h(c) = 210*c - 66. Let o(z) = h(z) + 30*w(z). What is the units digit of o(q)?
4
Let z be 8*1 - (53 + -3215). Suppose 20*i - 15*i - z = 0. What is the tens digit of i?
3
Suppose 62829 = 4*h + 3*p, -h + 7105 + 8601 = 2*p. What is the units digit of h?
8
Let j = 85 + -48. Suppose -j*y = -42*y + 10. Suppose p + 37 = 3*p + 3*h, 0 = 3*p + y*h - 43. What is the units digit of p?
1
Let m = 272 + -326. What is the units digit of 1*39 - m/(-9)?
3
Suppose -9*n - 11368 = -17*n. Let x = -892 + n. What is the tens digit of x?
2
Let m be 8/1*6/24 - -3. Suppose 4*z + z + 20 = m*q, 0 = -q - z + 10. Suppose q*r - 30 = 5*r. What is the tens digit of r?
1
Let s be 9/(-6) - 246177/34. What is the hundreds digit of (20/5)/(-5 - s/1446)?
4
Let l(j) = -j**3 - 91*j**2 - 998*j - 20. What is the hundreds digit of l(-10)?
8
What is the hundreds digit of (-6893)/(-2)*(-86)/(-43)?
8
Let g(v) be the second derivative of v**4/6 + 3*v**3/2 - 73*v**2/2 + v - 13. What is the hundreds digit of g(-19)?
4
Let f(l) be the second derivative of 31*l**3/6 - 15*l. Let h be f(1). Let b = h - -20. What is the units digit of b?
1
Suppose 12*i - 3459 - 1072 = 3233. What is the tens digit of i?
4
Suppose 2*o = -2*z + 16411 - 5569, -5*z - 3*o = -27103. What is the units digit of z?
0
Suppose 4*g - 5*t = 28, 3*g - 2*t = -4*t - 2. Let r = 3 + g. Suppose -b + i = -65, -r*b - 2*i + 3*i + 337 = 0. What is the tens digit of b?
6
Suppose 46 = 7*z - 59. Let j be 8/3*(-12)/8. What is the tens digit of j/1 - (-78 - z)?
8
Let l(y) = -2*y**3 + 23*y**2 - 14*y + 27. Let a be l(11). Let n = a - -131. Suppose 0*u - 2*u = 2*o - 252, -o = 2*u - n. What is the hundreds digit of o?
1
Suppose 148*y - 2422602 = 99*y - 42*y. What is the hundreds digit of y?
6
Let p = 3 - 3. What is the units digit of 389 + p - 12/(3 + 1)?
6
Let w = -2855 + 30902. What is the hundreds digit of w?
0
Let d = -507 + 304. Let a = d + 372. What is the units digit of a?
9
Let d = 1442 - 70. Suppose -3*c = 2*g - 700, g - c - d = -3*g. Suppose -o + 843 = 5*h - 2*o, 2*h + 3*o = g. What is the tens digit of h?
6
Let a(l) = -55*l**2 + 20*l - 2. Let n be a(-6). Let m = 2419 - n. What is the hundreds digit of m/44 + (-6)/8?
1
Let v = -298 - -313. Suppose 11201 = v*g + 8*g. What is the tens digit of g?
8
Let l be (-12)/(-1)*(-1)/(-2) + -4. Suppose -2*q + 194 = -3*v, l*q - 4*q - 2*v = -204. Let p = q + -40. What is the units digit of p?
0
Suppose 296*a = 293*a - 12. What is the tens digit of (2 - (-15)/(-6))*88/a?
1
Suppose -62*i + 461907 = -11*i. What is the tens digit of i?
5
Let l(f) = -f + 13. Let p(k) = k - 20. Let s(z) = 7*l(z) + 5*p(z). Let d be s(-6). Suppose 3*b + 3*i = 7*b - 66, d*b + 5*i = 64. What is the units digit of b?
8
Let a = 747 + -172. Let f = -315 + a. What is the tens digit of f?
6
Suppose -3*j - 19*b - 2*b = -94449, 0 = 5*j - 4*b - 157688. What is the thousands digit of j?
1
Let f(x) be the second derivative of 53*x**3/6 - x**2/2 - 11*x - 1. Let i(o) = -o**2 - 6*o + 5. Let h be i(-6). What is the units digit of f(h)?
4
Let u be (1 - -22) + 0 - 4. Let b = -16 + u. Suppose 4*v - 412 = 2*g - 6*g, b*g = -4*v + 311. What is the units digit of g?
1
Suppose 8 + 17 = 5*x. Suppose 3*n - 926 = -x. What is the tens digit of n?
0
Suppose -24279 = -c - 4*k, 82*c - 48498 = 80*c + 4*k. What is the hundreds digit of c?
2
Let s(l) be the first derivative of 41*l**2 - 26*l + 28. What is the units digit of s(2)?
8
Suppose -o + 169 = 2*r, -o = -r + o + 72. Let m = 112 + 106. Let d = m - r. What is the hundreds digit of d?
1
Let q(g) = g**3 + 18*g**2 + 27*g - 71. Let d be q(-13). Let b = d + 716. What is the hundreds digit of b?
1
Let g(n) = -n + 17. Let x be g(12). Suppose -40 = -x*w + 55. Suppose -2*z = -63 - w. What is the units digit of z?
1
Let i(p) = 58*p + 8*p**2 + 4 - 2*p**2 - 62*p. What is the hundreds digit of i(-5)?
1
Suppose 0 = 3*l - 85 + 100. Let r(p) = -2*p - 7. Let g be r(l). Suppose -g*o + 5*q + 80 = 0, -q - 3*q + 90 = 2*o. What is the units digit of o?
5
Suppose 3*k - 12*v + 17*v = 26993, -5*k - 2*v = -44982. What is the hundreds digit of k?
9
Suppose -39*z + 5959041 = 312*z - 8288049. What is the hundreds digit of z?
5
Let i(d) = -d**3 - 15*d**2 + 28*d - 224. What is the tens digit of i(-28)?
8
Suppose -16905 + 249009 = 57*m. What is the hundreds digit of m?
0
Let t(x) = -301*x + 1209. What is the hundreds digit of t(-11)?
5
Suppose 348 = -t + 1395. Suppose 2*b = -2*p + 1726, 3*b + t - 3636 = -p. What is the tens digit of b?
6
Let a = 263 - 183. Suppose 42 + 148 = 10*w. Let g = a - w. What is the units digit of g?
1
Let k(o) = -26 - 151*o + 14 + 13 + 6. What is the tens digit of k(-2)?
0
Let v(q) = 34*q**2 - 274*q - 259. What is the units digit of v(-26)?
9
Let n(q) = q**3 + 10*q**2 - 21*q - 22. Suppose 3*m - 26 = -4*i, 0 = 9*i - 4*i + 4*m - 32. What is the units digit of n(i)?
2
Let a(i) = 126*i**2 - 47*i + 229. What is the tens digit of a(-10)?
9
What is the hundreds digit of ((-448516845)/196)/(-97) - (1 - 6/8)?
5
Let i(t) = 1823*t + 562. What is the hundreds digit of i(11)?
6
Let i = 103 - 96. Suppose 0 = 4*m - 13 - i. Let g(q) = 6*q**2 - 17*q - 7. What is the units digit of g(m)?
8
Suppose -4*a + 62256 = 5*c, -5*c + 46687 = -1061*a + 1064*a. What is the hundreds digit of a?
5
Let z(a) = 259*a**2 + 2*a - 2. Let q be (26/(-117))/((-3)/27). What is the hundreds digit of z(q)?
0
Let q(z) = -5 - 456*z**3 + 460*z**3 - 2*z**2 - 2*z + 8*z. Suppose 0 = -3*p - 2*x - 1 + 4, 5*x = 2*p - 21. What is the units digit of q(p)?
3
Suppose -29152 = 6*m + 26*m. Let g = 1287 + m. What is the hundreds digit of g?
3
Let j = -7 + 3. Let t be (-2)/6 - -1 - 36/(-108). What is the units digit of -4 - j*22/t?
4
Let c(q) = -89*q**2 - 3*q + 3. Let l be c(1). Let h be (3 - -1)*(-340)/(-80). Let d = h - l. What is the tens digit of d?
0
Let t = -15 - 31. Let g = -20 - -63. Let w = g - t. What is the units digit of w?
9
Let c = 10771 + -2980. What is the thousands digit of c?
7
Let i(l) = l**3 + 30*l**2 + 72*l + 51. What is the units digit of i(-21)?
8
Let c(i) = -2*i**2 + 31*i - 13. Let v = 336 + -324. What is the units digit of c(v)?
1
Let p(y) = 1155*y + 8. Let f be p(1). Suppose -f = -6*t + 1081. What is the tens digit of t?
7
Let u(q) be the first derivative of q**4/12 - 5*q**3/2 + q**2/2 - 25*q + 27. Let a(x) be the first derivative of u(x). What is the tens digit of a(-6)?
2
Let y be 189/(-18)*(-1)/((-6)/(-4)). Let z be -1*y*(-1 - (-25)/7). What is the tens digit of 222/(-9)*(-8)/((-48)/z)?
7
Let k(o) be the first derivative of 3*o**3 - 5 - 17*o + 1/4*o**4 - 1/2*o**2. What is the units digit of k(-8)?
5
Let v = 82246 + -57699. What is the units digit of v?
7
Suppose 30152 = -2*t + 4*t. What is the thousands digit of t?
5
Let s be 255/(-6) + 2/(-4). Let n be (-12)/6 + -6 - 87. Let d = s - n. What is the units digit of d?
2
Suppose -2*w + p = -2*p - 10, 0 = 4*p. Let z = 38 - 36. Suppose -5*k = -l - z - 240, -w*k - 2*l = -251. What is the tens digit of k?
4
Suppose -2 = -y, r = -r + 3*y + 142. Let p = r - 72. Suppose s + 2*v + 3 = 8, -p*s = -4*v - 50. What is the units digit of s?
5
Let s be (-16 - -15)/(2 - 2 - -1). Let h be (18/(-4) - s*4)*-34. Suppose -u + h*u - 896 = 0. What is the units digit of u?
6
Let p = -22752 - -59274. What is the hundreds digit of p?
5
Suppose l = -k + 5*k + 10, 0 = k + 5. Let n be 4/l + 20372/55. Let t = -242 + n. What is the tens digit of t?
2
Let r(c) = 16 + 42 - 18*c + 14*c**2 - 14 + 31. What is the units digit of r(7)?
5
Let k(g) = -4*g**2 + 4*g + 5. Let m be k(4). Let z = 51 + m. Suppose z*x = 293 - 69. What is the units digit of x?
8
Let g(b) = b**3 + 10*b**2 - 23*b - 14. Let p be g(-10). Let r(d) = -d**2 - 6*d - 2. Let t be r(-5). Suppose j = -t*j + p. What is the units digit of j?
4
Let f = 1904 + 13313. What is the hundreds digit of f?
2
Suppose 5*y = -3*q + 24, -5*y = -2*q + 7*q - 30. Suppose 143 = q*u - 226. Let v = -73 + u. What is the tens digit of v?
5
Suppose -3*a + 4014 = 3*u + 1203, 3*u = 5*a + 2787. Let q = -588 + u. What is the hundreds